by 107.
46
What is the remainder when 70271 is divided by 8775?
71
Calculate the remainder when 2004485 is divided by 283.
279
What is the remainder when 16077 is divided by 471?
63
Calculate the remainder when 1020 is divided by 479.
62
What is the remainder when 60162 is divided by 327?
321
What is the remainder when 15964 is divided by 6?
4
What is the remainder when 4840 is divided by 242?
0
What is the remainder when 70216 is divided by 156?
16
What is the remainder when 91910 is divided by 2137?
19
What is the remainder when 71597 is divided by 471?
5
What is the remainder when 62308 is divided by 30?
28
Calculate the remainder when 5756 is divided by 1912.
20
Calculate the remainder when 13563 is divided by 88.
11
Calculate the remainder when 213381 is divided by 23706.
27
Calculate the remainder when 12262 is divided by 1369.
1310
Calculate the remainder when 4900 is divided by 4635.
265
Calculate the remainder when 218759 is divided by 182.
177
Calculate the remainder when 10615 is divided by 157.
96
What is the remainder when 8211 is divided by 58?
33
Calculate the remainder when 875728 is divided by 11373.
7
What is the remainder when 4302 is divided by 612?
18
Calculate the remainder when 5571 is divided by 1257.
543
What is the remainder when 2286 is divided by 288?
270
Calculate the remainder when 32808 is divided by 50.
8
Calculate the remainder when 16430 is divided by 2733.
32
Calculate the remainder when 5109 is divided by 556.
105
What is the remainder when 3262 is divided by 348?
130
What is the remainder when 332299 is divided by 172?
167
What is the remainder when 944006 is divided by 331?
325
Calculate the remainder when 15529 is divided by 2218.
3
What is the remainder when 10492 is divided by 204?
88
What is the remainder when 10079 is divided by 177?
167
What is the remainder when 243151 is divided by 54?
43
What is the remainder when 10339 is divided by 1280?
99
What is the remainder when 113473 is divided by 634?
621
Calculate the remainder when 100367 is divided by 28.
15
What is the remainder when 874917 is divided by 1268?
1265
What is the remainder when 26468 is divided by 110?
68
Calculate the remainder when 38318 is divided by 158.
82
What is the remainder when 1422285 is divided by 357?
354
Calculate the remainder when 3053 is divided by 205.
183
Calculate the remainder when 87057 is divided by 7909.
58
Calculate the remainder when 150928 is divided by 130.
128
What is the remainder when 82176 is divided by 54?
42
Calculate the remainder when 2690 is divided by 93.
86
Calculate the remainder when 23621 is divided by 23609.
12
What is the remainder when 1081 is divided by 56?
17
Calculate the remainder when 15420 is divided by 31.
13
Calculate the remainder when 438360 is divided by 122.
14
What is the remainder when 1015 is divided by 915?
100
What is the remainder when 1145 is divided by 72?
65
Calculate the remainder when 2558919 is divided by 760.
759
Calculate the remainder when 93322 is divided by 1458.
10
Calculate the remainder when 853899 is divided by 94876.
15
Calculate the remainder when 9687 is divided by 2411.
43
What is the remainder when 1366 is divided by 282?
238
What is the remainder when 58895 is divided by 111?
65
What is the remainder when 2431799 is divided by 1947?
1943
What is the remainder when 17504 is divided by 427?
424
Calculate the remainder when 688771 is divided by 28.
27
Calculate the remainder when 718 is divided by 346.
26
What is the remainder when 75353 is divided by 27?
23
What is the remainder when 557440 is divided by 279?
277
Calculate the remainder when 20820 is divided by 20809.
11
Calculate the remainder when 18719 is divided by 52.
51
Calculate the remainder when 6041 is divided by 543.
68
What is the remainder when 3477158 is divided by 13?
9
What is the remainder when 5458 is divided by 686?
656
Calculate the remainder when 5105382 is divided by 1701793.
3
What is the remainder when 55598 is divided by 10?
8
Calculate the remainder when 28925 is divided by 11.
6
Calculate the remainder when 10931 is divided by 2176.
51
Calculate the remainder when 34135 is divided by 505.
300
Calculate the remainder when 444 is divided by 144.
12
What is the remainder when 347 is divided by 103?
38
What is the remainder when 27975 is divided by 52?
51
What is the remainder when 3247 is divided by 232?
231
Calculate the remainder when 40538 is divided by 1689.
2
Calculate the remainder when 158144 is divided by 207.
203
What is the remainder when 12741 is divided by 6366?
9
Calculate the remainder when 8088 is divided by 2020.
8
What is the remainder when 49635 is divided by 4471?
454
Calculate the remainder when 2868 is divided by 286.
8
Calculate the remainder when 35117 is divided by 5016.
5
What is the remainder when 341439 is divided by 10?
9
Calculate the remainder when 70907 is divided by 3.
2
Calculate the remainder when 11243 is divided by 5610.
23
What is the remainder when 96897 is divided by 12?
9
Calculate the remainder when 636353 is divided by 5216.
1
What is the remainder when 4554 is divided by 4533?
21
Calculate the remainder when 1743 is divided by 682.
379
What is the remainder when 32793 is divided by 2522?
7
Calculate the remainder when 9982 is divided by 349.
210
Calculate the remainder when 13521 is divided by 418.
145
Calculate the remainder when 10410 is divided by 248.
242
Calculate the remainder when 3191 is divided by 1850.
1341
What is the remainder when 83670 is divided by 81?
78
Calculate the remainder when 7343 is divided by 55.
28
What is the remainder when 18212 is divided by 906?
92
Calculate the remainder when 565779 is divided by 42.
39
Calculate the remainder when 47177 is divided by 101.
10
What is the remainder when 1628 is divided by 237?
206
Calculate the remainder when 28786 is divided by 9590.
16
What is the remainder when 47357 is divided by 526?
17
What is the remainder when 44199 is divided by 1636?
27
Calculate the remainder when 125233 is divided by 69.
67
Calculate the remainder when 18017 is divided by 1318.
883
What is the remainder when 10903 is divided by 272?
23
What is the remainder when 922 is divided by 300?
22
Calculate the remainder when 135454 is divided by 474.
364
Calculate the remainder when 2842297 is divided by 17.
16
Calculate the remainder when 1081 is divided by 315.
136
Calculate the remainder when 946943 is divided by 768.
767
Calculate the remainder when 28295 is divided by 275.
245
What is the remainder when 831 is divided by 104?
103
Calculate the remainder when 2797079 is divided by 572.
571
Calculate the remainder when 15606 is divided by 15571.
35
What is the remainder when 1750420 is divided by 4?
0
What is the remainder when 922 is divided by 284?
70
What is the remainder when 131232 is divided by 195?
192
Calculate the remainder when 1592 is divided by 95.
72
What is the remainder when 130616 is divided by 38?
10
What is the remainder when 907 is divided by 719?
188
What is the remainder when 1950 is divided by 44?
14
What is the remainder when 13785 is divided by 4566?
87
What is the remainder when 19856 is divided by 272?
0
What is the remainder when 565946 is divided by 113188?
6
Calculate the remainder when 190871 is divided by 18.
17
Calculate the remainder when 92285 is divided by 171.
116
What is the remainder when 78177 is divided by 26051?
24
What is the remainder when 46795 is divided by 14?
7
What is the remainder when 4976 is divided by 355?
6
What is the remainder when 116027 is divided by 49?
44
Calculate the remainder when 10379 is divided by 2389.
823
What is the remainder when 829 is divided by 86?
55
Calculate the remainder when 12873 is divided by 28.
21
Calculate the remainder when 48152 is divided by 16048.
8
What is the remainder when 6290058 is divided by 28?
26
Calculate the remainder when 7538 is divided by 1380.
638
Calculate the remainder when 180608 is divided by 303.
20
What is the remainder when 311328 is divided by 5987?
4
Calculate the remainder when 124244 is divided by 32.
20
Calculate the remainder when 3082 is divided by 429.
79
What is the remainder when 2148 is divided by 137?
93
What is the remainder when 27175 is divided by 107?
104
What is the remainder wh